List the prime factors of q.
2, 5
Suppose 2*s + 22 = -f + 3*f, 4*s = f - 11. What are the prime factors of f?
11
What are the prime factors of (0 - -4)/((-28)/(-322))?
2, 23
Let i(l) = -l**2 + 5*l - 1. Let w be i(3). Suppose -81 - 49 = -w*c. What are the prime factors of c?
2, 13
What are the prime factors of 6/(-12)*(-21 + -1)?
11
Let m be -4*(-603)/(-12)*1. Let s = 289 + m. List the prime factors of s/12 - 1/3.
7
Suppose -5*g + s = -253, 0 = g - 3*s - 24 - 21. What are the prime factors of g?
3, 17
List the prime factors of 57 - (-3 - (-2 + -1)).
3, 19
Suppose -2 - 2 = -v. Suppose v*b = -b + 50. Suppose 5*f + n = -4 + b, 4*n = -16. List the prime factors of f.
2
Suppose 5*x + 574 = 12*x. List the prime factors of x.
2, 41
Let t(y) = -y + 6. Let v be 5/2*(2 - 0). Suppose -22 + 7 = -v*f. List the prime factors of t(f).
3
Suppose o + 3 = -3. Let i(m) = 2*m + 9. Let u be i(o). Let b = u + 13. List the prime factors of b.
2, 5
Let f(a) = a**2 + 11*a - 33. What are the prime factors of f(-15)?
3
Suppose -5*c = -10 - 40. What are the prime factors of c?
2, 5
Let q(t) = -t**2 - 9*t - 5. Let k be q(-5). Let v be (-2)/(-5) - 6/k. Suppose -2*h + v*h = -18. List the prime factors of h.
3
Let z(d) = -d**3 - 8*d**2 - 8*d + 10. Let q(f) = -f**2 + 8*f + 5. Let m be q(-6). Let u be m/11 + 2/11. List the prime factors of z(u).
17
Let f be 18 + 2*1/(-2). Suppose 13 = 3*g - f. What are the prime factors of g?
2, 5
Let b = -18 + 22. Suppose -b*t + 0*t = -196. What are the prime factors of t?
7
Let j(l) = -l**3 - 6*l**2 - 6*l - 7. Let b be j(-5). Let z be 5/5*(-2)/(-2). What are the prime factors of b/(z + (-9)/6)?
2
Let k(a) = 121*a + 2. Let b be k(1). Suppose 3*h - b - 3 = 0. What are the prime factors of h?
2, 3, 7
Let d(k) = -k**3 - 6*k**2 + 5*k - 3. Let n be (-3 - (-9)/3) + -7. What are the prime factors of d(n)?
11
Let l(r) = -r**2. Let b(v) = -v**3 + 14*v**2 - 8*v + 1. Let w(y) = -b(y) - 6*l(y). Suppose 8*n - 29 = 3*n + 2*p, 3*n + 2*p = 27. List the prime factors of w(n).
2, 3
Suppose -5*r = -0*r. Let i be (1 - 1)/(2/1). Suppose r = 5*p - i*p - 75. List the prime factors of p.
3, 5
Suppose -7 = -2*v - 1. Let c be 17/2 + v/2. Let i = -4 + c. What are the prime factors of i?
2, 3
Suppose -49 = -4*j - 3*v + 62, -6 = 2*v. Suppose -4*o = -o - j. What are the prime factors of o?
2, 5
Let j = 5 - -1. List the prime factors of (15/j)/(2/12).
3, 5
Let u = 49 + -19. Suppose u = 8*o - 3*o. Let t = 9 - o. List the prime factors of t.
3
Suppose 2*y - 425 = -3*y - i, -5*y - 4*i + 440 = 0. What are the prime factors of y?
2, 3, 7
Let p = 5 - -60. What are the prime factors of p?
5, 13
Suppose 4*u + m = 35, -8 = -2*m - 2. Suppose 3*q - 7*q = u. What are the prime factors of 4/q - -9 - 2?
5
List the prime factors of 14/4*(-12)/(-2).
3, 7
Suppose 744 = 4*b - 3*q, 0 = 9*b - 12*b - 4*q + 583. List the prime factors of b.
3, 7
What are the prime factors of 382/10 + 1/(-5)?
2, 19
Let l(x) = 2*x**2 - x**3 + 5*x - 5*x**2 - 6 - 1. List the prime factors of l(-5).
2, 3
Suppose -s + t = -69, s = -s - 4*t + 126. Let a = 94 - s. Let u = a - 16. What are the prime factors of u?
11
Let b = -5 - -7. Let h be b*3/(6/8). Suppose 0 = -4*r - u + h, -5 - 6 = -5*r - u. List the prime factors of r.
3
Let r(j) = -3*j**3 + j - 1. Let f be r(1). Let g(a) = a**3 + a**2 - 5*a - 2. Let w be g(f). Let d = 6 - w. What are the prime factors of d?
11
Let g(d) = -6*d**2 + 4. Let l be g(4). List the prime factors of (3 + 0)/((-6)/l).
2, 23
Let r(h) = h**2 + 1. Let i be r(1). What are the prime factors of (42/(-9))/(i/(-18))?
2, 3, 7
Let n be (0 + 3/9)*15. Suppose 0 = -4*f - 3*o + 9, 10 - 2 = f - n*o. What are the prime factors of f?
3
Let h = 59 - 46. List the prime factors of h.
13
Let l(f) = -f + 138. Let v be l(0). Suppose 2*r + 50 = v. List the prime factors of r.
2, 11
Suppose 5*g + 250 = -3*x, 5*x + 2 = -g - 48. What are the prime factors of 3/(-6) + g/(-4)?
2, 3
Let o be (10/3)/((-12)/(-54)). Suppose -m + o = -5. List the prime factors of m.
2, 5
Suppose -4*d - 3*d + 231 = 0. List the prime factors of d.
3, 11
Let o(u) = u**3 - 16*u**2 - 11*u + 31. What are the prime factors of o(17)?
7, 19
Let y(k) = k**2 - 3*k - 5. Let w be y(5). Suppose 2*z + 5*h - 7 = 0, -w - 26 = -5*z + h. Let f = 28 - z. List the prime factors of f.
2, 11
Let t(b) = b**3 + 5*b**2 - 2*b - 5. Let v = 4 + -1. Let j be (0 - 5)*v/3. What are the prime factors of t(j)?
5
Suppose 0*n = 5*n + 30. Let h(v) = -8*v + 1. Let w(q) = -2*q. Let x(m) = n*h(m) + 22*w(m). List the prime factors of x(4).
2, 5
Suppose 0*d = d. Suppose d = v - 8 - 2. List the prime factors of v.
2, 5
Let i(c) = -c + 9. Let n be i(7). Let x(q) = q**3 - n*q**3 + 10*q**3 + 1. What are the prime factors of x(1)?
2, 5
Let j(u) = -u + 19. What are the prime factors of j(-9)?
2, 7
Let m(q) = -40*q. Let p be m(1). Let j = p - -56. What are the prime factors of j?
2
Suppose 2*s = -4*c - c + 650, 3*c + 2*s - 390 = 0. List the prime factors of c.
2, 5, 13
Suppose -7*n = -2*n - 1205. List the prime factors of n.
241
Let p(r) be the third derivative of -r**5/60 - r**4/24 + 7*r**3/6 - 18*r**2. Let h be (-1 + 1)/(2 + -1). What are the prime factors of p(h)?
7
Let f(v) be the second derivative of v**4/12 + v**3 - 5*v**2/2 + 11*v. List the prime factors of f(-10).
5, 7
Let f(p) = -2*p - 9. Let g be f(-6). Let i(h) = 1 + h + h**2 + g*h - 3*h. List the prime factors of i(-3).
7
Suppose -4*p - 44 + 4 = 4*n, -4*n - 5*p = 44. Let u = -4 - n. What are the prime factors of 52/8 + (-1)/u?
2, 3
Let o(t) = -10 - t + 10*t + t**2 - 2*t**2. Let a = -37 - -44. What are the prime factors of o(a)?
2
Suppose 0 = -4*y + 3*n + 595, 0*n = -3*n - 15. List the prime factors of y.
5, 29
Let u = -6 + -10. Let z = -7 - u. List the prime factors of z.
3
Suppose 0 = -f + x + 10, 2*x + 0*x + 15 = f. Let t be (-135)/(-12)*(-8)/(-3). Suppose 2*c + t = f*c. List the prime factors of c.
2, 5
Suppose c = 2*z + 43, 168 = 4*c + 3*z + 40. List the prime factors of c.
5, 7
Suppose -2*b - 10*b = -5172. List the prime factors of b.
431
Let f(j) = 16*j - 3. What are the prime factors of f(2)?
29
Suppose 0 = -q - 2*m - 21, 2*m - m - 50 = 5*q. Let v = -8 - -31. Let j = v + q. What are the prime factors of j?
2, 3
Let w(d) = 3*d**3 - d**2 - d + 1. Let c be w(1). List the prime factors of c/(0 - (-2)/4).
2
Let f(s) = -2*s + 2. Let y be 1*-1 + 5 + 6. Let c = 7 - y. List the prime factors of f(c).
2
Suppose 4*o + o + 4*c - 574 = 0, -4*c + 102 = o. List the prime factors of o.
2, 59
Let k(f) = f - 11. Let w be k(5). List the prime factors of -3 - w - 2 - -36.
37
What are the prime factors of (-3 - 81/6)*(-56)/6?
2, 7, 11
Let y(r) = -r**2 + 3*r - 1. Suppose 5 = 2*t - c, 5 - 2 = -3*c. Let j be y(t). Suppose j = -d + 8. List the prime factors of d.
7
Suppose -153 + 39 = -3*n. What are the prime factors of n?
2, 19
Let w(x) = x - 16. What are the prime factors of w(20)?
2
Let o(b) = 12 + 0*b - b + 10. What are the prime factors of o(12)?
2, 5
Let l = 1 - -13. Suppose -l - 18 = -4*d. Suppose 4 = -f + d. List the prime factors of f.
2
Let w = -3 - -3. Suppose w = 4*j + j - 5*x - 90, -3*j + 5*x = -50. What are the prime factors of j?
2, 5
Let m(w) = w**2 + 9*w + 18. Let d(o) = o. Let h(g) = 5*d(g) + m(g). List the prime factors of h(-13).
5
Suppose -4 + 3 = -r. Suppose -2*a - r = 3*d, -d = 3*a + 2*d. Suppose n = 4, 15 - a = x + n. List the prime factors of x.
2, 5
Suppose 2*b + 10 = 46. List the prime factors of b.
2, 3
Let z(o) = -o**3 + 3*o**2 + 5*o + 0 - 1 + o. What are the prime factors of z(4)?
7
Suppose 0 = -3*s + 3 - 30. Let v = 24 + s. What are the prime factors of v?
3, 5
List the prime factors of (112/42)/((-5)/((-570)/4)).
2, 19
Let t = 123 - -21. List the prime factors of t.
2, 3
Suppose 57 + 7 = 2*u. What are the prime factors of u?
2
Let m be (-4)/14 - (-600)/42. Suppose 2 = -v + m. List the prime factors of v.
2, 3
Let w be -1 - (3 + -3 - 24). Let d = 48 - w. List the prime factors of d.
5
Suppose -4 = -2*y - 6, 0 = 2*h - 2*y - 212. List the prime factors of h.
3, 5, 7
Let m be 1/3 - (-3)/(-9). Suppose m = -0*h - 2*h + 32. List the prime factors of h.
2
Let x(z) = z**3 + 2*z**2 - 8*z + 2. What are the prime factors of x(-4)?
2
Let r be -9*(2/6 + -1). Let k = -3 + r. Suppose -2*j = q - 6, 0*j = -k*j - 5*q + 9. What